{"id":10049,"date":"2018-05-02T14:08:16","date_gmt":"2018-05-02T14:08:16","guid":{"rendered":"https:\/\/www.sky9-apartments.com\/shop\/gepaeck-aufbewahrung\/"},"modified":"2018-05-18T10:51:18","modified_gmt":"2018-05-18T10:51:18","slug":"gepaeck-aufbewahrung","status":"publish","type":"product","link":"https:\/\/sky.safetybis.com\/de\/produkt\/gepaeck-aufbewahrung\/","title":{"rendered":"Gep\u00e4ckaufbewahrung"},"content":{"rendered":"","protected":false},"excerpt":{"rendered":"<p>An Wochentagen und w\u00e4hrend der regul\u00e4ren B\u00fcrozeiten bewahren wir Ihr Gep\u00e4ck gerne vor dem Check-in bei uns auf.<br \/>\n<em>*Nicht verf\u00fcgbar in den &#8216;SKY9 Apartments City Center &amp; Margareten&#8217;<\/em><\/p>\n","protected":false},"featured_media":10006,"comment_status":"closed","ping_status":"closed","template":"","meta":[],"product_cat":[98],"product_tag":[],"_links":{"self":[{"href":"https:\/\/sky.safetybis.com\/de\/wp-json\/wp\/v2\/product\/10049"}],"collection":[{"href":"https:\/\/sky.safetybis.com\/de\/wp-json\/wp\/v2\/product"}],"about":[{"href":"https:\/\/sky.safetybis.com\/de\/wp-json\/wp\/v2\/types\/product"}],"replies":[{"embeddable":true,"href":"https:\/\/sky.safetybis.com\/de\/wp-json\/wp\/v2\/comments?post=10049"}],"wp:featuredmedia":[{"embeddable":true,"href":"https:\/\/sky.safetybis.com\/de\/wp-json\/wp\/v2\/media\/10006"}],"wp:attachment":[{"href":"https:\/\/sky.safetybis.com\/de\/wp-json\/wp\/v2\/media?parent=10049"}],"wp:term":[{"taxonomy":"product_cat","embeddable":true,"href":"https:\/\/sky.safetybis.com\/de\/wp-json\/wp\/v2\/product_cat?post=10049"},{"taxonomy":"product_tag","embeddable":true,"href":"https:\/\/sky.safetybis.com\/de\/wp-json\/wp\/v2\/product_tag?post=10049"}],"curies":[{"name":"wp","href":"https:\/\/api.w.org\/{rel}","templated":true}]}}

Gepäckaufbewahrung

<p>An Wochentagen und während der regulären Bürozeiten bewahren wir Ihr Gepäck gerne vor dem Check-in bei uns auf.<br />
<em>*Nicht verfügbar in den &#8216;SKY9 Apartments City Center &amp; Margareten&#8217;</em></p>
